{"id":127,"date":"2025-01-29T14:09:03","date_gmt":"2025-01-29T14:09:03","guid":{"rendered":"https:\/\/hydroservicespma.com\/inicio\/?page_id=127"},"modified":"2025-12-15T22:24:38","modified_gmt":"2025-12-15T22:24:38","slug":"contacto","status":"publish","type":"page","link":"https:\/\/hydroservicespma.com\/inicio\/index.php\/contacto\/","title":{"rendered":"CONTACTO"},"content":{"rendered":"\t\t<div data-elementor-type=\"wp-page\" data-elementor-id=\"127\" class=\"elementor elementor-127\">\n\t\t\t\t<div class=\"elementor-element elementor-element-71f405de e-flex e-con-boxed e-con e-parent\" data-id=\"71f405de\" data-element_type=\"container\" data-settings=\"{&quot;background_background&quot;:&quot;classic&quot;}\">\n\t\t\t\t\t<div class=\"e-con-inner\">\n\t\t<div class=\"elementor-element elementor-element-19dae221 e-con-full e-flex e-con e-child\" data-id=\"19dae221\" data-element_type=\"container\">\n\t\t<div class=\"elementor-element elementor-element-2654beb3 e-con-full e-flex e-con e-child\" data-id=\"2654beb3\" data-element_type=\"container\">\n\t\t\t\t<div class=\"elementor-element elementor-element-2d787576 elementor-widget elementor-widget-heading\" data-id=\"2d787576\" data-element_type=\"widget\" data-widget_type=\"heading.default\">\n\t\t\t\t<div class=\"elementor-widget-container\">\n\t\t\t\t\t<h1 class=\"elementor-heading-title elementor-size-default\">Contacto<\/h1>\t\t\t\t<\/div>\n\t\t\t\t<\/div>\n\t\t\t\t<div class=\"elementor-element elementor-element-420a7bf8 elementor-widget elementor-widget-text-editor\" data-id=\"420a7bf8\" data-element_type=\"widget\" data-widget_type=\"text-editor.default\">\n\t\t\t\t<div class=\"elementor-widget-container\">\n\t\t\t\t\t\t\t\t\t<p>Ponte en contacto con nosotros para comenzar a trabajar en tu pr\u00f3ximo proyecto.<\/p>\t\t\t\t\t\t\t\t<\/div>\n\t\t\t\t<\/div>\n\t\t\t\t<div class=\"elementor-element elementor-element-08166ec elementor-icon-list--layout-traditional elementor-list-item-link-full_width elementor-widget elementor-widget-icon-list\" data-id=\"08166ec\" data-element_type=\"widget\" data-widget_type=\"icon-list.default\">\n\t\t\t\t<div class=\"elementor-widget-container\">\n\t\t\t\t\t\t\t<ul class=\"elementor-icon-list-items\">\n\t\t\t\t\t\t\t<li class=\"elementor-icon-list-item\">\n\t\t\t\t\t\t\t\t\t\t\t<span class=\"elementor-icon-list-icon\">\n\t\t\t\t\t\t\t<svg aria-hidden=\"true\" class=\"e-font-icon-svg e-fas-map-marker-alt\" viewBox=\"0 0 384 512\" xmlns=\"http:\/\/www.w3.org\/2000\/svg\"><path d=\"M172.268 501.67C26.97 291.031 0 269.413 0 192 0 85.961 85.961 0 192 0s192 85.961 192 192c0 77.413-26.97 99.031-172.268 309.67-9.535 13.774-29.93 13.773-39.464 0zM192 272c44.183 0 80-35.817 80-80s-35.817-80-80-80-80 35.817-80 80 35.817 80 80 80z\"><\/path><\/svg>\t\t\t\t\t\t<\/span>\n\t\t\t\t\t\t\t\t\t\t<span class=\"elementor-icon-list-text\"><b>Ubicaci\u00f3n:<\/b> V\u00eda Domingo D\u00edaz, Entrada de los Caciques, El Crisol, Panam\u00e1<\/span>\n\t\t\t\t\t\t\t\t\t<\/li>\n\t\t\t\t\t\t\t\t<li class=\"elementor-icon-list-item\">\n\t\t\t\t\t\t\t\t\t\t\t<span class=\"elementor-icon-list-icon\">\n\t\t\t\t\t\t\t<svg aria-hidden=\"true\" class=\"e-font-icon-svg e-far-clock\" viewBox=\"0 0 512 512\" xmlns=\"http:\/\/www.w3.org\/2000\/svg\"><path d=\"M256 8C119 8 8 119 8 256s111 248 248 248 248-111 248-248S393 8 256 8zm0 448c-110.5 0-200-89.5-200-200S145.5 56 256 56s200 89.5 200 200-89.5 200-200 200zm61.8-104.4l-84.9-61.7c-3.1-2.3-4.9-5.9-4.9-9.7V116c0-6.6 5.4-12 12-12h32c6.6 0 12 5.4 12 12v141.7l66.8 48.6c5.4 3.9 6.5 11.4 2.6 16.8L334.6 349c-3.9 5.3-11.4 6.5-16.8 2.6z\"><\/path><\/svg>\t\t\t\t\t\t<\/span>\n\t\t\t\t\t\t\t\t\t\t<span class=\"elementor-icon-list-text\"><b>Horario:<\/b> Lunes a Viernes 8:00AM - 5:00PM<br><\/span>\n\t\t\t\t\t\t\t\t\t<\/li>\n\t\t\t\t\t\t\t\t<li class=\"elementor-icon-list-item\">\n\t\t\t\t\t\t\t\t\t\t\t<span class=\"elementor-icon-list-icon\">\n\t\t\t\t\t\t\t<svg aria-hidden=\"true\" class=\"e-font-icon-svg e-fas-phone-alt\" viewBox=\"0 0 512 512\" xmlns=\"http:\/\/www.w3.org\/2000\/svg\"><path d=\"M497.39 361.8l-112-48a24 24 0 0 0-28 6.9l-49.6 60.6A370.66 370.66 0 0 1 130.6 204.11l60.6-49.6a23.94 23.94 0 0 0 6.9-28l-48-112A24.16 24.16 0 0 0 122.6.61l-104 24A24 24 0 0 0 0 48c0 256.5 207.9 464 464 464a24 24 0 0 0 23.4-18.6l24-104a24.29 24.29 0 0 0-14.01-27.6z\"><\/path><\/svg>\t\t\t\t\t\t<\/span>\n\t\t\t\t\t\t\t\t\t\t<span class=\"elementor-icon-list-text\"><b>Tel\u00e9fonos: <\/b>(+507) 203-3393 \/\/\n(+507) 203-3394\n<b>Atenci\u00f3n inicial de solicitudes:\n<\/b>(+507) 6609-6497<\/span>\n\t\t\t\t\t\t\t\t\t<\/li>\n\t\t\t\t\t\t\t\t<li class=\"elementor-icon-list-item\">\n\t\t\t\t\t\t\t\t\t\t\t<span class=\"elementor-icon-list-icon\">\n\t\t\t\t\t\t\t<i aria-hidden=\"true\" class=\"icon icon-mail\"><\/i>\t\t\t\t\t\t<\/span>\n\t\t\t\t\t\t\t\t\t\t<span class=\"elementor-icon-list-text\"><b>Email:<\/b> operaciones@hydroservicespma.com \/\/ ventas2@hydroservicespma.com<\/span>\n\t\t\t\t\t\t\t\t\t<\/li>\n\t\t\t\t\t\t<\/ul>\n\t\t\t\t\t\t<\/div>\n\t\t\t\t<\/div>\n\t\t\t\t<\/div>\n\t\t\t\t<\/div>\n\t\t<div class=\"elementor-element elementor-element-c589366 e-flex e-con-boxed e-con e-child\" data-id=\"c589366\" data-element_type=\"container\">\n\t\t\t\t\t<div class=\"e-con-inner\">\n\t\t<div class=\"elementor-element elementor-element-4c434fa e-con-full e-flex e-con e-child\" data-id=\"4c434fa\" data-element_type=\"container\">\n\t\t\t\t<div class=\"elementor-element elementor-element-951dd31 elementor-widget elementor-widget-html\" data-id=\"951dd31\" data-element_type=\"widget\" data-widget_type=\"html.default\">\n\t\t\t\t<div class=\"elementor-widget-container\">\n\t\t\t\t\t<script>!function(a,m,o,c,r,m){a[o+c]=a[o+c]||{setMeta:function(p){this.params=(this.params||[]).concat([p])}},a[o+r]=a[o+r]||function(f){a[o+r].f=(a[o+r].f||[]).concat([f])},a[o+r]({id:\"1637667\",hash:\"5eb58b3d1f2fa9e1292c3ef46270c69a\",locale:\"es\"}),a[o+m]=a[o+m]||function(f,k){a[o+m].f=(a[o+m].f||[]).concat([[f,k]])}}(window,0,\"amo_forms_\",\"params\",\"load\",\"loaded\");<\/script><script id=\"amoforms_script_1637667\" async=\"async\" charset=\"utf-8\" src=\"https:\/\/forms.kommo.com\/forms\/assets\/js\/amoforms.js?1765837214\"><\/script>\t\t\t\t<\/div>\n\t\t\t\t<\/div>\n\t\t\t\t<\/div>\n\t\t\t\t\t<\/div>\n\t\t\t\t<\/div>\n\t\t\t\t\t<\/div>\n\t\t\t\t<\/div>\n\t\t<div class=\"elementor-element elementor-element-3a8e5c20 e-flex e-con-boxed e-con e-parent\" data-id=\"3a8e5c20\" data-element_type=\"container\">\n\t\t\t\t\t<div class=\"e-con-inner\">\n\t\t<div class=\"elementor-element elementor-element-17b06cef e-con-full e-flex e-con e-child\" data-id=\"17b06cef\" data-element_type=\"container\" data-settings=\"{&quot;background_background&quot;:&quot;classic&quot;}\">\n\t\t\t\t<div class=\"elementor-element elementor-element-2b9d6684 elementor-widget elementor-widget-google_maps\" data-id=\"2b9d6684\" data-element_type=\"widget\" data-widget_type=\"google_maps.default\">\n\t\t\t\t<div class=\"elementor-widget-container\">\n\t\t\t\t\t\t\t<div class=\"elementor-custom-embed\">\n\t\t\t<iframe loading=\"lazy\"\n\t\t\t\t\tsrc=\"https:\/\/maps.google.com\/maps?q=hydroservices%20panama&#038;t=m&#038;z=15&#038;output=embed&#038;iwloc=near\"\n\t\t\t\t\ttitle=\"hydroservices panama\"\n\t\t\t\t\taria-label=\"hydroservices panama\"\n\t\t\t><\/iframe>\n\t\t<\/div>\n\t\t\t\t\t\t<\/div>\n\t\t\t\t<\/div>\n\t\t\t\t<\/div>\n\t\t<div class=\"elementor-element elementor-element-2ced697d e-con-full e-flex e-con e-child\" data-id=\"2ced697d\" data-element_type=\"container\">\n\t\t\t\t<div class=\"elementor-element elementor-element-55d3814c elementor-widget elementor-widget-heading\" data-id=\"55d3814c\" data-element_type=\"widget\" data-widget_type=\"heading.default\">\n\t\t\t\t<div class=\"elementor-widget-container\">\n\t\t\t\t\t<h2 class=\"elementor-heading-title elementor-size-default\">Vis\u00edtanos<\/h2>\t\t\t\t<\/div>\n\t\t\t\t<\/div>\n\t\t\t\t<div class=\"elementor-element elementor-element-67cfa860 elementor-widget elementor-widget-icon-box\" data-id=\"67cfa860\" data-element_type=\"widget\" data-widget_type=\"icon-box.default\">\n\t\t\t\t<div class=\"elementor-widget-container\">\n\t\t\t\t\t\t\t<div class=\"elementor-icon-box-wrapper\">\n\n\t\t\t\n\t\t\t\t\t\t<div class=\"elementor-icon-box-content\">\n\n\t\t\t\t\t\t\t\t\t<h4 class=\"elementor-icon-box-title\">\n\t\t\t\t\t\t<span  >\n\t\t\t\t\t\t\tUbicaci\u00f3n:\t\t\t\t\t\t<\/span>\n\t\t\t\t\t<\/h4>\n\t\t\t\t\n\t\t\t\t\t\t\t\t\t<p class=\"elementor-icon-box-description\">\n\t\t\t\t\t\tV\u00eda Domingo D\u00edaz, Entrada de los Caciques, El Crisol, Panam\u00e1\n\t\t\t\t\t<\/p>\n\t\t\t\t\n\t\t\t<\/div>\n\t\t\t\n\t\t<\/div>\n\t\t\t\t\t\t<\/div>\n\t\t\t\t<\/div>\n\t\t\t\t<\/div>\n\t\t\t\t\t<\/div>\n\t\t\t\t<\/div>\n\t\t<footer class=\"elementor-element elementor-element-2cc48c20 e-con-full e-flex e-con e-parent\" data-id=\"2cc48c20\" data-element_type=\"container\">\n\t\t<div class=\"elementor-element elementor-element-bc2ddb3 e-con-full e-flex e-con e-child\" data-id=\"bc2ddb3\" data-element_type=\"container\">\n\t\t\t\t<div class=\"elementor-element elementor-element-334f5885 elementor-widget elementor-widget-image\" data-id=\"334f5885\" data-element_type=\"widget\" data-widget_type=\"image.default\">\n\t\t\t\t<div class=\"elementor-widget-container\">\n\t\t\t\t\t\t\t\t\t\t\t\t\t\t\t<img fetchpriority=\"high\" decoding=\"async\" width=\"800\" height=\"200\" src=\"https:\/\/hydroservicespma.com\/inicio\/wp-content\/uploads\/2025\/01\/logo1-2.png\" class=\"attachment-full size-full wp-image-23\" alt=\"\" srcset=\"https:\/\/hydroservicespma.com\/inicio\/wp-content\/uploads\/2025\/01\/logo1-2.png 800w, https:\/\/hydroservicespma.com\/inicio\/wp-content\/uploads\/2025\/01\/logo1-2-300x75.png 300w, https:\/\/hydroservicespma.com\/inicio\/wp-content\/uploads\/2025\/01\/logo1-2-768x192.png 768w\" sizes=\"(max-width: 800px) 100vw, 800px\" \/>\t\t\t\t\t\t\t\t\t\t\t\t\t\t\t<\/div>\n\t\t\t\t<\/div>\n\t\t\t\t<\/div>\n\t\t<div class=\"elementor-element elementor-element-7bc8d82 e-con-full e-flex e-con e-child\" data-id=\"7bc8d82\" data-element_type=\"container\">\n\t\t\t\t<div class=\"elementor-element elementor-element-824636e elementor-icon-list--layout-inline elementor-tablet-align-center elementor-align-center elementor-list-item-link-full_width elementor-widget elementor-widget-icon-list\" data-id=\"824636e\" data-element_type=\"widget\" data-widget_type=\"icon-list.default\">\n\t\t\t\t<div class=\"elementor-widget-container\">\n\t\t\t\t\t\t\t<ul class=\"elementor-icon-list-items elementor-inline-items\">\n\t\t\t\t\t\t\t<li class=\"elementor-icon-list-item elementor-inline-item\">\n\t\t\t\t\t\t\t\t\t\t<span class=\"elementor-icon-list-text\">203-3393<\/span>\n\t\t\t\t\t\t\t\t\t<\/li>\n\t\t\t\t\t\t\t\t<li class=\"elementor-icon-list-item elementor-inline-item\">\n\t\t\t\t\t\t\t\t\t\t<span class=\"elementor-icon-list-text\">V\u00eda Domingo D\u00edaz, Entrada de los Caciques, El Crisol, Panam\u00e1<\/span>\n\t\t\t\t\t\t\t\t\t<\/li>\n\t\t\t\t\t\t\t\t<li class=\"elementor-icon-list-item elementor-inline-item\">\n\t\t\t\t\t\t\t\t\t\t<span class=\"elementor-icon-list-text\"><\/span>\n\t\t\t\t\t\t\t\t\t<\/li>\n\t\t\t\t\t\t<\/ul>\n\t\t\t\t\t\t<\/div>\n\t\t\t\t<\/div>\n\t\t\t\t<\/div>\n\t\t<div class=\"elementor-element elementor-element-39e14c5c e-con-full e-flex e-con e-child\" data-id=\"39e14c5c\" data-element_type=\"container\">\n\t\t\t\t<div class=\"elementor-element elementor-element-204ee3b8 e-grid-align-right e-grid-align-tablet-right e-grid-align-mobile-center elementor-widget-mobile__width-inherit elementor-shape-rounded elementor-grid-0 elementor-widget elementor-widget-social-icons\" data-id=\"204ee3b8\" data-element_type=\"widget\" data-widget_type=\"social-icons.default\">\n\t\t\t\t<div class=\"elementor-widget-container\">\n\t\t\t\t\t\t\t<div class=\"elementor-social-icons-wrapper elementor-grid\" role=\"list\">\n\t\t\t\t\t\t\t<span class=\"elementor-grid-item\" role=\"listitem\">\n\t\t\t\t\t<a class=\"elementor-icon elementor-social-icon elementor-social-icon-facebook-f elementor-repeater-item-3f1b7ac\" target=\"_blank\">\n\t\t\t\t\t\t<span class=\"elementor-screen-only\">Facebook-f<\/span>\n\t\t\t\t\t\t<svg class=\"e-font-icon-svg e-fab-facebook-f\" viewBox=\"0 0 320 512\" xmlns=\"http:\/\/www.w3.org\/2000\/svg\"><path d=\"M279.14 288l14.22-92.66h-88.91v-60.13c0-25.35 12.42-50.06 52.24-50.06h40.42V6.26S260.43 0 225.36 0c-73.22 0-121.08 44.38-121.08 124.72v70.62H22.89V288h81.39v224h100.17V288z\"><\/path><\/svg>\t\t\t\t\t<\/a>\n\t\t\t\t<\/span>\n\t\t\t\t\t\t\t<span class=\"elementor-grid-item\" role=\"listitem\">\n\t\t\t\t\t<a class=\"elementor-icon elementor-social-icon elementor-social-icon- elementor-repeater-item-5c0ce3c\" target=\"_blank\">\n\t\t\t\t\t\t<span class=\"elementor-screen-only\"><\/span>\n\t\t\t\t\t\t\t\t\t\t\t<\/a>\n\t\t\t\t<\/span>\n\t\t\t\t\t\t\t<span class=\"elementor-grid-item\" role=\"listitem\">\n\t\t\t\t\t<a class=\"elementor-icon elementor-social-icon elementor-social-icon-twitter elementor-repeater-item-828f132\" target=\"_blank\">\n\t\t\t\t\t\t<span class=\"elementor-screen-only\">Twitter<\/span>\n\t\t\t\t\t\t<svg class=\"e-font-icon-svg e-fab-twitter\" viewBox=\"0 0 512 512\" xmlns=\"http:\/\/www.w3.org\/2000\/svg\"><path d=\"M459.37 151.716c.325 4.548.325 9.097.325 13.645 0 138.72-105.583 298.558-298.558 298.558-59.452 0-114.68-17.219-161.137-47.106 8.447.974 16.568 1.299 25.34 1.299 49.055 0 94.213-16.568 130.274-44.832-46.132-.975-84.792-31.188-98.112-72.772 6.498.974 12.995 1.624 19.818 1.624 9.421 0 18.843-1.3 27.614-3.573-48.081-9.747-84.143-51.98-84.143-102.985v-1.299c13.969 7.797 30.214 12.67 47.431 13.319-28.264-18.843-46.781-51.005-46.781-87.391 0-19.492 5.197-37.36 14.294-52.954 51.655 63.675 129.3 105.258 216.365 109.807-1.624-7.797-2.599-15.918-2.599-24.04 0-57.828 46.782-104.934 104.934-104.934 30.213 0 57.502 12.67 76.67 33.137 23.715-4.548 46.456-13.32 66.599-25.34-7.798 24.366-24.366 44.833-46.132 57.827 21.117-2.273 41.584-8.122 60.426-16.243-14.292 20.791-32.161 39.308-52.628 54.253z\"><\/path><\/svg>\t\t\t\t\t<\/a>\n\t\t\t\t<\/span>\n\t\t\t\t\t<\/div>\n\t\t\t\t\t\t<\/div>\n\t\t\t\t<\/div>\n\t\t\t\t<\/div>\n\t\t\t\t<\/footer>\n\t\t<div class=\"elementor-element elementor-element-4662338c e-con-full e-flex e-con e-parent\" data-id=\"4662338c\" data-element_type=\"container\" data-settings=\"{&quot;background_background&quot;:&quot;classic&quot;}\">\n\t\t\t\t<div class=\"elementor-element elementor-element-43c619f7 elementor-widget elementor-widget-heading\" data-id=\"43c619f7\" data-element_type=\"widget\" data-widget_type=\"heading.default\">\n\t\t\t\t<div class=\"elementor-widget-container\">\n\t\t\t\t\t<p class=\"elementor-heading-title elementor-size-default\">\u00a9 All Rights Reserved.<\/p>\t\t\t\t<\/div>\n\t\t\t\t<\/div>\n\t\t\t\t<\/div>\n\t\t\t\t<\/div>\n\t\t","protected":false},"excerpt":{"rendered":"<p>Contacto Ponte en contacto con nosotros para comenzar a trabajar en tu pr\u00f3ximo proyecto. Ubicaci\u00f3n: V\u00eda Domingo D\u00edaz, Entrada de los Caciques, El Crisol, Panam\u00e1 Horario: Lunes a Viernes 8:00AM &#8211; 5:00PM Tel\u00e9fonos: (+507) 203-3393 \/\/ (+507) 203-3394 Atenci\u00f3n inicial de solicitudes: (+507) 6609-6497 Email: operaciones@hydroservicespma.com \/\/ ventas2@hydroservicespma.com Vis\u00edtanos Ubicaci\u00f3n: V\u00eda Domingo D\u00edaz, Entrada de [&hellip;]<\/p>\n","protected":false},"author":1,"featured_media":0,"parent":0,"menu_order":0,"comment_status":"closed","ping_status":"closed","template":"","meta":{"footnotes":""},"class_list":["post-127","page","type-page","status-publish","hentry"],"yoast_head":"<!-- This site is optimized with the Yoast SEO plugin v24.1 - https:\/\/yoast.com\/wordpress\/plugins\/seo\/ -->\n<title>CONTACTO - HydroServices Panam\u00e1<\/title>\n<meta name=\"robots\" content=\"index, follow, max-snippet:-1, max-image-preview:large, max-video-preview:-1\" \/>\n<link rel=\"canonical\" href=\"https:\/\/hydroservicespma.com\/inicio\/index.php\/contacto\/\" \/>\n<meta property=\"og:locale\" content=\"es_ES\" \/>\n<meta property=\"og:type\" content=\"article\" \/>\n<meta property=\"og:title\" content=\"CONTACTO - HydroServices Panam\u00e1\" \/>\n<meta property=\"og:description\" content=\"Contacto Ponte en contacto con nosotros para comenzar a trabajar en tu pr\u00f3ximo proyecto. Ubicaci\u00f3n: V\u00eda Domingo D\u00edaz, Entrada de los Caciques, El Crisol, Panam\u00e1 Horario: Lunes a Viernes 8:00AM &#8211; 5:00PM Tel\u00e9fonos: (+507) 203-3393 \/\/ (+507) 203-3394 Atenci\u00f3n inicial de solicitudes: (+507) 6609-6497 Email: operaciones@hydroservicespma.com \/\/ ventas2@hydroservicespma.com Vis\u00edtanos Ubicaci\u00f3n: V\u00eda Domingo D\u00edaz, Entrada de [&hellip;]\" \/>\n<meta property=\"og:url\" content=\"https:\/\/hydroservicespma.com\/inicio\/index.php\/contacto\/\" \/>\n<meta property=\"og:site_name\" content=\"HydroServices Panam\u00e1\" \/>\n<meta property=\"article:modified_time\" content=\"2025-12-15T22:24:38+00:00\" \/>\n<meta property=\"og:image\" content=\"https:\/\/hydroservicespma.com\/inicio\/wp-content\/uploads\/2025\/01\/logo1-2.png\" \/>\n\t<meta property=\"og:image:width\" content=\"800\" \/>\n\t<meta property=\"og:image:height\" content=\"200\" \/>\n\t<meta property=\"og:image:type\" content=\"image\/png\" \/>\n<meta name=\"twitter:card\" content=\"summary_large_image\" \/>\n<meta name=\"twitter:label1\" content=\"Tiempo de lectura\" \/>\n\t<meta name=\"twitter:data1\" content=\"1 minuto\" \/>\n<script type=\"application\/ld+json\" class=\"yoast-schema-graph\">{\"@context\":\"https:\/\/schema.org\",\"@graph\":[{\"@type\":\"WebPage\",\"@id\":\"https:\/\/hydroservicespma.com\/inicio\/index.php\/contacto\/\",\"url\":\"https:\/\/hydroservicespma.com\/inicio\/index.php\/contacto\/\",\"name\":\"CONTACTO - HydroServices Panam\u00e1\",\"isPartOf\":{\"@id\":\"https:\/\/hydroservicespma.com\/inicio\/#website\"},\"primaryImageOfPage\":{\"@id\":\"https:\/\/hydroservicespma.com\/inicio\/index.php\/contacto\/#primaryimage\"},\"image\":{\"@id\":\"https:\/\/hydroservicespma.com\/inicio\/index.php\/contacto\/#primaryimage\"},\"thumbnailUrl\":\"https:\/\/hydroservicespma.com\/inicio\/wp-content\/uploads\/2025\/01\/logo1-2.png\",\"datePublished\":\"2025-01-29T14:09:03+00:00\",\"dateModified\":\"2025-12-15T22:24:38+00:00\",\"breadcrumb\":{\"@id\":\"https:\/\/hydroservicespma.com\/inicio\/index.php\/contacto\/#breadcrumb\"},\"inLanguage\":\"es\",\"potentialAction\":[{\"@type\":\"ReadAction\",\"target\":[\"https:\/\/hydroservicespma.com\/inicio\/index.php\/contacto\/\"]}]},{\"@type\":\"ImageObject\",\"inLanguage\":\"es\",\"@id\":\"https:\/\/hydroservicespma.com\/inicio\/index.php\/contacto\/#primaryimage\",\"url\":\"https:\/\/hydroservicespma.com\/inicio\/wp-content\/uploads\/2025\/01\/logo1-2.png\",\"contentUrl\":\"https:\/\/hydroservicespma.com\/inicio\/wp-content\/uploads\/2025\/01\/logo1-2.png\",\"width\":800,\"height\":200},{\"@type\":\"BreadcrumbList\",\"@id\":\"https:\/\/hydroservicespma.com\/inicio\/index.php\/contacto\/#breadcrumb\",\"itemListElement\":[{\"@type\":\"ListItem\",\"position\":1,\"name\":\"Portada\",\"item\":\"https:\/\/hydroservicespma.com\/inicio\/\"},{\"@type\":\"ListItem\",\"position\":2,\"name\":\"CONTACTO\"}]},{\"@type\":\"WebSite\",\"@id\":\"https:\/\/hydroservicespma.com\/inicio\/#website\",\"url\":\"https:\/\/hydroservicespma.com\/inicio\/\",\"name\":\"HydroServices Panam\u00e1\",\"description\":\"Los expertos en proyectos hidr\u00e1ulicos\",\"publisher\":{\"@id\":\"https:\/\/hydroservicespma.com\/inicio\/#organization\"},\"potentialAction\":[{\"@type\":\"SearchAction\",\"target\":{\"@type\":\"EntryPoint\",\"urlTemplate\":\"https:\/\/hydroservicespma.com\/inicio\/?s={search_term_string}\"},\"query-input\":{\"@type\":\"PropertyValueSpecification\",\"valueRequired\":true,\"valueName\":\"search_term_string\"}}],\"inLanguage\":\"es\"},{\"@type\":\"Organization\",\"@id\":\"https:\/\/hydroservicespma.com\/inicio\/#organization\",\"name\":\"HydroServices Panam\u00e1\",\"url\":\"https:\/\/hydroservicespma.com\/inicio\/\",\"logo\":{\"@type\":\"ImageObject\",\"inLanguage\":\"es\",\"@id\":\"https:\/\/hydroservicespma.com\/inicio\/#\/schema\/logo\/image\/\",\"url\":\"https:\/\/hydroservicespma.com\/inicio\/wp-content\/uploads\/2025\/06\/hydroservices-logo-blanco-Header.webp\",\"contentUrl\":\"https:\/\/hydroservicespma.com\/inicio\/wp-content\/uploads\/2025\/06\/hydroservices-logo-blanco-Header.webp\",\"width\":776,\"height\":147,\"caption\":\"HydroServices Panam\u00e1\"},\"image\":{\"@id\":\"https:\/\/hydroservicespma.com\/inicio\/#\/schema\/logo\/image\/\"}}]}<\/script>\n<!-- \/ Yoast SEO plugin. -->","yoast_head_json":{"title":"CONTACTO - HydroServices Panam\u00e1","robots":{"index":"index","follow":"follow","max-snippet":"max-snippet:-1","max-image-preview":"max-image-preview:large","max-video-preview":"max-video-preview:-1"},"canonical":"https:\/\/hydroservicespma.com\/inicio\/index.php\/contacto\/","og_locale":"es_ES","og_type":"article","og_title":"CONTACTO - HydroServices Panam\u00e1","og_description":"Contacto Ponte en contacto con nosotros para comenzar a trabajar en tu pr\u00f3ximo proyecto. Ubicaci\u00f3n: V\u00eda Domingo D\u00edaz, Entrada de los Caciques, El Crisol, Panam\u00e1 Horario: Lunes a Viernes 8:00AM &#8211; 5:00PM Tel\u00e9fonos: (+507) 203-3393 \/\/ (+507) 203-3394 Atenci\u00f3n inicial de solicitudes: (+507) 6609-6497 Email: operaciones@hydroservicespma.com \/\/ ventas2@hydroservicespma.com Vis\u00edtanos Ubicaci\u00f3n: V\u00eda Domingo D\u00edaz, Entrada de [&hellip;]","og_url":"https:\/\/hydroservicespma.com\/inicio\/index.php\/contacto\/","og_site_name":"HydroServices Panam\u00e1","article_modified_time":"2025-12-15T22:24:38+00:00","og_image":[{"width":800,"height":200,"url":"https:\/\/hydroservicespma.com\/inicio\/wp-content\/uploads\/2025\/01\/logo1-2.png","type":"image\/png"}],"twitter_card":"summary_large_image","twitter_misc":{"Tiempo de lectura":"1 minuto"},"schema":{"@context":"https:\/\/schema.org","@graph":[{"@type":"WebPage","@id":"https:\/\/hydroservicespma.com\/inicio\/index.php\/contacto\/","url":"https:\/\/hydroservicespma.com\/inicio\/index.php\/contacto\/","name":"CONTACTO - HydroServices Panam\u00e1","isPartOf":{"@id":"https:\/\/hydroservicespma.com\/inicio\/#website"},"primaryImageOfPage":{"@id":"https:\/\/hydroservicespma.com\/inicio\/index.php\/contacto\/#primaryimage"},"image":{"@id":"https:\/\/hydroservicespma.com\/inicio\/index.php\/contacto\/#primaryimage"},"thumbnailUrl":"https:\/\/hydroservicespma.com\/inicio\/wp-content\/uploads\/2025\/01\/logo1-2.png","datePublished":"2025-01-29T14:09:03+00:00","dateModified":"2025-12-15T22:24:38+00:00","breadcrumb":{"@id":"https:\/\/hydroservicespma.com\/inicio\/index.php\/contacto\/#breadcrumb"},"inLanguage":"es","potentialAction":[{"@type":"ReadAction","target":["https:\/\/hydroservicespma.com\/inicio\/index.php\/contacto\/"]}]},{"@type":"ImageObject","inLanguage":"es","@id":"https:\/\/hydroservicespma.com\/inicio\/index.php\/contacto\/#primaryimage","url":"https:\/\/hydroservicespma.com\/inicio\/wp-content\/uploads\/2025\/01\/logo1-2.png","contentUrl":"https:\/\/hydroservicespma.com\/inicio\/wp-content\/uploads\/2025\/01\/logo1-2.png","width":800,"height":200},{"@type":"BreadcrumbList","@id":"https:\/\/hydroservicespma.com\/inicio\/index.php\/contacto\/#breadcrumb","itemListElement":[{"@type":"ListItem","position":1,"name":"Portada","item":"https:\/\/hydroservicespma.com\/inicio\/"},{"@type":"ListItem","position":2,"name":"CONTACTO"}]},{"@type":"WebSite","@id":"https:\/\/hydroservicespma.com\/inicio\/#website","url":"https:\/\/hydroservicespma.com\/inicio\/","name":"HydroServices Panam\u00e1","description":"Los expertos en proyectos hidr\u00e1ulicos","publisher":{"@id":"https:\/\/hydroservicespma.com\/inicio\/#organization"},"potentialAction":[{"@type":"SearchAction","target":{"@type":"EntryPoint","urlTemplate":"https:\/\/hydroservicespma.com\/inicio\/?s={search_term_string}"},"query-input":{"@type":"PropertyValueSpecification","valueRequired":true,"valueName":"search_term_string"}}],"inLanguage":"es"},{"@type":"Organization","@id":"https:\/\/hydroservicespma.com\/inicio\/#organization","name":"HydroServices Panam\u00e1","url":"https:\/\/hydroservicespma.com\/inicio\/","logo":{"@type":"ImageObject","inLanguage":"es","@id":"https:\/\/hydroservicespma.com\/inicio\/#\/schema\/logo\/image\/","url":"https:\/\/hydroservicespma.com\/inicio\/wp-content\/uploads\/2025\/06\/hydroservices-logo-blanco-Header.webp","contentUrl":"https:\/\/hydroservicespma.com\/inicio\/wp-content\/uploads\/2025\/06\/hydroservices-logo-blanco-Header.webp","width":776,"height":147,"caption":"HydroServices Panam\u00e1"},"image":{"@id":"https:\/\/hydroservicespma.com\/inicio\/#\/schema\/logo\/image\/"}}]}},"_links":{"self":[{"href":"https:\/\/hydroservicespma.com\/inicio\/index.php\/wp-json\/wp\/v2\/pages\/127","targetHints":{"allow":["GET"]}}],"collection":[{"href":"https:\/\/hydroservicespma.com\/inicio\/index.php\/wp-json\/wp\/v2\/pages"}],"about":[{"href":"https:\/\/hydroservicespma.com\/inicio\/index.php\/wp-json\/wp\/v2\/types\/page"}],"author":[{"embeddable":true,"href":"https:\/\/hydroservicespma.com\/inicio\/index.php\/wp-json\/wp\/v2\/users\/1"}],"replies":[{"embeddable":true,"href":"https:\/\/hydroservicespma.com\/inicio\/index.php\/wp-json\/wp\/v2\/comments?post=127"}],"version-history":[{"count":97,"href":"https:\/\/hydroservicespma.com\/inicio\/index.php\/wp-json\/wp\/v2\/pages\/127\/revisions"}],"predecessor-version":[{"id":884,"href":"https:\/\/hydroservicespma.com\/inicio\/index.php\/wp-json\/wp\/v2\/pages\/127\/revisions\/884"}],"wp:attachment":[{"href":"https:\/\/hydroservicespma.com\/inicio\/index.php\/wp-json\/wp\/v2\/media?parent=127"}],"curies":[{"name":"wp","href":"https:\/\/api.w.org\/{rel}","templated":true}]}}